in base 2?
-11011110011
Convert -208 (base 13) to base 5.
-2341
-110000101100100 (base 2) to base 14
-912c
Convert -2c0 (base 16) to base 10.
-704
-40456 (base 7) to base 15
-2db1
-1a6 (base 11) to base 9
-283
What is 165555 (base 8) in base 16?
eb6d
Convert -921 (base 10) to base 11.
-768
-100000011011100 (base 2) to base 8
-40334
Convert -14106 (base 10) to base 9.
-21313
-1937 (base 16) to base 12
-389b
What is 5be5 (base 15) in base 4?
10301231
-2849 (base 11) to base 10
-3683
-b50b (base 12) to base 9
-30062
What is -2213323 (base 4) in base 12?
-6277
What is 11000010 (base 2) in base 8?
302
Convert 28585 (base 13) to base 16.
12784
1411 (base 9) to base 6
4531
-355 (base 12) to base 2
-111110001
What is 120566 (base 7) in base 2?
101010110001110
What is 2632 (base 8) in base 14?
746
What is -333 (base 11) in base 8?
-617
Convert 206 (base 7) to base 3.
10212
-1412 (base 11) to base 6
-12244
Convert 433 (base 5) to base 7.
226
What is -2b5 (base 12) in base 5?
-3200
-102010120 (base 3) to base 7
-32442
What is 381 (base 15) in base 11?
664
Convert 100110110001 (base 2) to base 3.
10101220
Convert a43b (base 12) to base 15.
5488
What is -886 (base 15) in base 10?
-1926
1213211 (base 4) to base 11
4a87
What is a171 (base 15) in base 2?
1000010100100001
What is 5730 (base 9) in base 13?
1c11
Convert 10000100101 (base 2) to base 8.
2045
What is -726a (base 13) in base 7?
-64036
What is 236 (base 8) in base 15?
a8
What is -12d44 (base 15) in base 14?
-17dda
Convert b358 (base 12) to base 15.
5ba8
Convert -323142 (base 5) to base 15.
-3417
Convert -917 (base 12) to base 15.
-5ca
-10010001010100 (base 2) to base 14
-3564
Convert 1041 (base 7) to base 11.
309
What is -1e3 (base 15) in base 6?
-2010
What is -4444 (base 5) in base 6?
-2520
-76 (base 14) to base 4
-1220
What is -78 (base 11) in base 7?
-151
-1120022101 (base 3) to base 16
-787c
18a (base 13) to base 6
1151
What is -100100011 (base 2) in base 5?
-2131
What is -2112222 (base 5) in base 6?
-431252
-4ab (base 14) to base 13
-56c
Convert 2220120 (base 4) to base 11.
8107
-45 (base 6) to base 2
-11101
-90c (base 15) to base 11
-1592
What is 55 (base 16) in base 2?
1010101
Convert -478 (base 16) to base 14.
-5ba
What is 1231322 (base 4) in base 16?
1b7a
What is -a42 (base 14) in base 11?
-1575
What is -3200344 (base 5) in base 8?
-147750
What is 10110 (base 4) in base 12?
1b0
10120 (base 3) to base 9
116
c (base 16) to base 7
15
9182 (base 11) to base 12
707a
Convert -221013 (base 4) to base 16.
-a47
Convert -221110111 (base 3) to base 8.
-44202
16500 (base 10) to base 2
100000001110100
103331 (base 4) to base 9
1668
What is -804a (base 15) in base 6?
-325154
415500 (base 7) to base 4
101132211
Convert -6726 (base 8) to base 7.
-13220
-15536 (base 7) to base 15
-1478
Convert 10802 (base 9) to base 7.
30011
What is 7333 (base 9) in base 6?
40520
4476 (base 9) to base 15
ea9
2432213 (base 5) to base 8
131555
Convert 1a79 (base 14) to base 6.
34135
5535 (base 12) to base 2
10010010111001
1102020111 (base 3) to base 12
14171
What is 474 (base 9) in base 8?
607
8d7 (base 16) to base 4
203113
What is 45551 (base 8) in base 3?
222111000
What is 100000010 (base 2) in base 4?
10002
What is -20621 (base 10) in base 7?
-114056
-1639 (base 11) to base 10
-2099
Convert -17386 (base 9) to base 2.
-10111011010001
-1120 (base 7) to base 5
-3111
What is -223230 (base 6) in base 4?
-10213002
-3b5 (base 13) to base 3
-220021
Convert -652 (base 16) to base 12.
-b2a
What is -12630 (base 8) in base 15?
-1988
What is -1bc0 (base 16) in base 2?
-1101111000000
What is 1421 (base 11) in base 9?
2462
10110111110101 (base 2) to base 6
130245
Convert -24130 (base 5) to base 11.
-1388
Convert -7610 (base 11) to base 2.
-10011101000110
Convert a20 (base 12) to base 10.
1464
110011011 (base 2) to base 5
3121
213201 (base 4) to base 10
2529
What is 1231 (base 5) in base 7?
362
What is -78a (base 14) in base 11?
-1139
7054 (base 9) to base 8
12040
Convert -538 (base 15) to base 14.
-602
Convert 18c7c (base 13) to base 12.
23b24
1200020022 (base 3) to base 7
165065
Convert -6315 (base 11) to base 16.
-20ad
-6637 (base 13) to base 15
-4347
What is 378bb (base 12) in base 5?
4404344
67 (base 15) to base 2
1100001
What is 2202122 (base 3) in base 9?
2678
-1422 (base 13) to base 2
-101101010101
Convert 121252 (base 6) to base 15.
3278
11133132 (base 4) to base 12
11026
-1000010000101111 (base 2) to base 13
-12530
What is 3321 (base 4) in base 2?
11111001
What is -226b3 (base 13) in base 3?
-10011222100
What is 424353 (base 6) in base 9?
52536
What is -474 (base 10) in base 4?
-13122
Convert c029 (base 14) to base 6.
412341
-728 (base 15) to base 6
-11245
Convert 1021220 (base 3) to base 16.
3ae
Convert 165 (base 13) to base 5.
2002
What is -127 (base 8) in base 6?
-223
-21267 (base 11) to base 16
-78d0
-315 (base 12) to base 5
-3244
-111001100 (base 2) to base 10
-460
What is 1030 (base 7) in base 8?
554
20041 (base 6) to base 7
10426
What is 100100001001 (base 2) in base 11?
1813
-10420 (base 6) to base 5
-21302
What is -26934 (base 10) in base 8?
-64466
Convert -46046 (base 7) to base 5.
-333241
Convert 3501 (base 7) to base 12.
8a3
Convert 328 (base 14) to base 7.
1551
What is 2366 (base 7) in base 3?
1012122
-1521 (base 11) to base 2
-11110100111
-11d42 (base 15) to base 5
-3310422
What is 52 (base 6) in base 10?
32
Convert 44883 (base 9) to base 7.
153060
What is -5998 (base 12) in base 4?
-2131010
What is 2120212 (base 3) in base 16?
75e
-33311 (base 5) to base 13
-10a4
What is 37 (base 16) in base 6?
131
What is 46 (base 9) in base 5?
132
-33133 (base 6) to base 3
-20022010
1a (base 15) to base 9
27
Convert -596 (base 15) to base 4.
-103302
Convert 84821 (base 10) to base 2.
10100101101010101
2100 (base 4) to base 2
10010000
-a85 (base 16) to base 9
-3622
What is -1006 (base 8) in base 15?
-248
-1003310 (base 4) to base 15
-1445
Convert -4141 (base 5) to base 16.
-222
-103 (base 15) to base 2
-11100100
Convert -259 (base 10) to base 15.
-124
Convert 503011 (base 6) to base 4.
21221233
What is -4087 (base 11) in base 16?
-152b
Convert 3292 (base 12) to base 6.
41502
What is -1011101001010 (base 2) in base 3?
-22011211
Convert 43312 (base 6) to base 8.
13474
Convert -351a (base 13) to base 8.
-16443
4888 (base 10) to base 6
34344
What is -1025 (base 7) in base 2?
-101101010
Convert -11110101111100 (base 2) to base 5.
-1000430
242354 (base 6) to base 11
15013
What is 214302 (base 5) in base 12?
4390
-31777 (base 8) to base 6
-141343
Convert 10411 (base 5) to base 7.
2063
What is -1120102 (base 3) in base 11?
-951
What is 2115 (base 10) in base 6?
13443
Convert -1315 (base 7) to base 6.
-2154
Convert 1101010000010 (base 2) to base 13.
3120
Convert -1312223 (base 4) to base 2.
-1110110101011
What is -853c (base 13) in base 16?
-4828
What is -38a5 (base 14) in base 5?
-304240
Convert -9bc1 (base 13) to base 11.
-15409
What is 11100110 (base 2) in base 10?
230
3 (base 9) to base 10
3
What is -240114 (base 5) in base 12?
-5100
-33253 (base 7) to base 9
-12427
-71 (base 13) to base 14
-68
What is -447e (base 15) in base 7?
-60221
-30 (base 11) to base 6
-53
Convert 2ab1 (base 12) to base 11.
3862
What is 1001202011 (base 3) in base 4?
11013130
-20513 (base 6) to base 9
-3730
Convert -2dd7 (base 14) to base 7.
-32660
What is 1100111000111111 (base 2) in base 3?
2200102112
What is 132366 (base 7) in base 2?
110000100111011
What is 1642 (base 13) in base 6?
23041
Convert -14801 (base 10) to base 3.
-202022012
22104 (base 6) to base 7
11635
What is 58670 (base 9) in base 6?
501230
What is -220212211 (base 3) in base 9?
-26784
Convert -100300 (base 6) to base 3.
-101211000
What is -22a26 (base 12) in base 2?
-1011010100111110
Convert -1132 (base 6) to base 5.
-2042
2362 (base 8) to base 2
10011110010
What is 6ab (base 15) in base 7?
4256
-49d (base 14) to base 5
-12143
Convert -2119 (base 12) to base 5.
-103441
-1676 (base 15) to base 5
-123321
What is 845 (base 12) in base 16?
4b5
Convert -61 (base 8) to base 2.
-110001
What is 19593 (base 13) in base 16?
c093
2221200 (base 3) to base 12
12b3
What is -4160 (base 8) in base 12?
-1300
What is -102133 (base 5) in base 10?
-3418
What is -30a7 (base 11) in base 10?
-4110
104cc (base 